
What is the highest common divisor of 9639 and 378?
189
Calculate the highest common divisor of 1026 and 469566.
342
What is the greatest common factor of 510 and 1635?
15
Calculate the highest common divisor of 2352 and 2531340.
588
Calculate the highest common divisor of 8 and 1344888.
8
What is the greatest common factor of 508109 and 91?
7
Calculate the highest common factor of 6680 and 1169.
167
Calculate the greatest common divisor of 36102 and 66.
66
What is the highest common factor of 636 and 2058?
6
Calculate the greatest common divisor of 30 and 2172630.
30
What is the greatest common factor of 658 and 893?
47
Calculate the highest common factor of 64 and 106048.
64
What is the highest common divisor of 18848 and 608?
608
What is the highest common divisor of 604 and 2290972?
604
What is the highest common factor of 801444 and 470?
94
What is the greatest common divisor of 10 and 21554?
2
What is the highest common divisor of 1250 and 8240?
10
What is the highest common factor of 564 and 62510?
94
Calculate the highest common divisor of 95267 and 1.
1
What is the greatest common factor of 675 and 14130?
45
Calculate the greatest common divisor of 52 and 63193.
13
What is the highest common factor of 41020 and 28?
28
Calculate the greatest common divisor of 6382890 and 18.
18
Calculate the greatest common divisor of 16 and 58818.
2
Calculate the greatest common divisor of 27528 and 370.
74
Calculate the greatest common divisor of 459325 and 25.
25
What is the greatest common divisor of 7047 and 696?
87
Calculate the highest common factor of 7644 and 483.
21
What is the highest common divisor of 940 and 5452?
188
What is the highest common factor of 42 and 17157?
21
What is the highest common divisor of 592349 and 167?
167
Calculate the highest common factor of 9040 and 41245.
565
Calculate the greatest common divisor of 311471 and 25407.
941
Calculate the greatest common factor of 3030 and 810.
30
Calculate the highest common factor of 497669 and 145.
29
What is the highest common factor of 82916 and 1634?
38
Calculate the greatest common divisor of 952 and 175.
7
What is the greatest common divisor of 1794 and 227526?
78
What is the greatest common divisor of 255673 and 2057?
121
Calculate the highest common factor of 6182 and 902.
22
Calculate the greatest common factor of 93644 and 164.
164
Calculate the greatest common divisor of 397686 and 12.
6
Calculate the highest common divisor of 2356 and 2883.
31
Calculate the greatest common factor of 52359 and 837.
93
Calculate the highest common factor of 214 and 257977.
107
What is the greatest common factor of 1438975 and 25?
25
What is the greatest common divisor of 8875 and 159500?
125
Calculate the highest common factor of 3295 and 535767.
659
Calculate the highest common divisor of 687 and 51.
3
Calculate the highest common divisor of 320 and 78270.
10
What is the highest common divisor of 111896 and 36248?
1576
What is the highest common factor of 17217 and 45?
9
What is the highest common divisor of 19459 and 305?
61
Calculate the greatest common divisor of 51480 and 6930.
990
Calculate the highest common divisor of 394 and 688318.
394
What is the highest common divisor of 1122 and 32?
2
Calculate the highest common factor of 353 and 3276899.
353
Calculate the greatest common divisor of 1547 and 98059.
13
Calculate the highest common divisor of 147 and 880628.
49
Calculate the greatest common factor of 3260 and 180.
20
Calculate the highest common divisor of 157695 and 15.
15
What is the highest common divisor of 6343330 and 70?
70
Calculate the greatest common divisor of 2353 and 44473.
13
Calculate the greatest common divisor of 11249 and 133.
7
Calculate the greatest common factor of 3081760 and 2805.
935
What is the highest common divisor of 6758 and 2?
2
Calculate the greatest common factor of 4452 and 6237.
21
Calculate the greatest common factor of 57232 and 219.
73
Calculate the highest common divisor of 68 and 474487.
17
What is the highest common divisor of 72 and 131632?
8
What is the greatest common divisor of 247825 and 100?
25
What is the highest common factor of 35453 and 55?
11
Calculate the highest common divisor of 1 and 44565.
1
Calculate the highest common factor of 4706226 and 1148.
574
What is the greatest common factor of 66180 and 36?
12
Calculate the highest common factor of 9583 and 10619.
259
Calculate the greatest common factor of 95 and 3285.
5
Calculate the greatest common factor of 7007301 and 63.
63
What is the greatest common factor of 4401 and 351?
27
What is the highest common divisor of 2834 and 2210?
26
Calculate the highest common factor of 5875510 and 10.
10
What is the highest common divisor of 480 and 78560?
160
Calculate the highest common divisor of 876 and 777596.
292
Calculate the greatest common factor of 3641128 and 3485.
697
Calculate the greatest common factor of 2224 and 1213192.
1112
What is the highest common factor of 8226 and 4106602?
914
Calculate the greatest common divisor of 14406 and 7154.
98
What is the greatest common divisor of 230 and 13018?
46
What is the highest common divisor of 1407525 and 1575?
525
What is the highest common divisor of 119 and 1516298?
119
Calculate the greatest common divisor of 1353 and 4551.
123
What is the greatest common divisor of 56420 and 771745?
2015
Calculate the highest common divisor of 884 and 867.
17
Calculate the highest common factor of 18042 and 8184.
186
Calculate the greatest common factor of 426 and 52114.
142
Calculate the highest common divisor of 314145 and 15.
15
Calculate the greatest common divisor of 1173 and 41331.
69
Calculate the greatest common divisor of 266985 and 612.
153
Calculate the greatest common factor of 2453 and 374.
11
Calculate the greatest common divisor of 77 and 5599.
11
Calculate the highest common divisor of 238 and 34408.
34
Calculate the greatest common factor of 2924233 and 38.
19
Calculate the highest common factor of 5112 and 40612.
284
What is the highest common divisor of 13334 and 236?
118
What is the greatest common divisor of 21 and 876288?
21
Calculate the greatest common factor of 236844 and 2268.
324
Calculate the highest common factor of 421458 and 38.
38
Calculate the greatest common factor of 543 and 10.
1
What is the highest common factor of 288 and 50336?
32
Calculate the greatest common divisor of 571786 and 17138.
1558
What is the highest common divisor of 7786 and 374?
34
What is the greatest common divisor of 236739 and 1551?
141
Calculate the highest common divisor of 958455 and 105.
15
Calculate the highest common factor of 270 and 85140.
90
Calculate the greatest common divisor of 130 and 113555.
65
Calculate the highest common factor of 186 and 3813.
93
What is the highest common divisor of 7428 and 10152?
12
What is the greatest common factor of 32483 and 2024?
11
Calculate the highest common divisor of 3287781 and 1449.
1449
What is the highest common divisor of 389 and 3863159?
389
What is the highest common divisor of 16912378 and 14?
14
What is the highest common factor of 252 and 82257?
21
Calculate the highest common divisor of 356534 and 356.
178
Calculate the highest common factor of 57 and 6878.
19
What is the highest common factor of 36 and 803340?
36
Calculate the highest common divisor of 1974408 and 168.
24
Calculate the highest common divisor of 130 and 6470.
10
Calculate the highest common factor of 63581 and 651.
217
What is the greatest common divisor of 57 and 7733?
19
Calculate the greatest common factor of 19488 and 30.
6
What is the highest common divisor of 297 and 15876?
27
Calculate the greatest common divisor of 328776 and 168.
168
What is the highest common factor of 2 and 44550?
2
What is the greatest common factor of 189 and 26973?
27
Calculate the highest common divisor of 4121 and 91.
13
Calculate the greatest common divisor of 7092 and 144.
36
Calculate the highest common divisor of 368928 and 2160.
432
Calculate the greatest common divisor of 251345 and 85.
85
What is the highest common factor of 252 and 13930?
14
Calculate the greatest common factor of 4730 and 32.
2
What is the greatest common factor of 3784236 and 23?
23
What is the greatest common divisor of 3542 and 3772?
46
Cal